{"id":26,"date":"2021-09-01T21:21:47","date_gmt":"2021-09-02T01:21:47","guid":{"rendered":"https:\/\/seanoreilly.ca\/francais\/?page_id=26"},"modified":"2021-09-02T22:32:52","modified_gmt":"2021-09-03T02:32:52","slug":"parlementaire","status":"publish","type":"page","link":"https:\/\/seanoreilly.ca\/francais\/index.php\/parlementaire\/","title":{"rendered":"Parlementaire"},"content":{"rendered":"\n<p>J&#8217;ai pr\u00e9sid\u00e9 et dirig\u00e9 de nombreuses r\u00e9unions des membres, incluant l&#8217;Assembl\u00e9e g\u00e9n\u00e9rale annuelle de l&#8217;Institut, au cours desquelles des d\u00e9cisions importantes ont \u00e9t\u00e9 prises. Mon approche a toujours \u00e9t\u00e9 d&#8217;inclure autant d&#8217;individus que possible dans tout ce que nous accomplissons ensemble et de partager les succ\u00e8s que nous obtenons. Je souhaite toujours aider les gens \u00e0  s&#8217;entendre sur les questions et \u00e0 essayer d&#8217;obtenir un consensus lorsque nous sommes confront\u00e9s \u00e0 des questions difficiles. M\u00eame si nous ne parvenons pas \u00e0 un consensus, nous devons \u00eatre capables de discuter afin de comprendre pleinement le point de vue des autres. Gr\u00e2ce \u00e0 la coop\u00e9ration \u00e0 tous les niveaux, nous construirons ensemble un syndicat plus solide.<\/p>\n\n\n\n<p>J&#8217;ai \u00e9galement particip\u00e9 au comit\u00e9 des statuts et des politiques, au sous-comit\u00e9 des r\u00e9solutions et au comit\u00e9 d&#8217;examen des politiques afin de veiller \u00e0 ce que les r\u00e8glements et les politiques de l&#8217;Institut, du conseil d&#8217;administration et de nos divers organes constitutifs r\u00e9pondent aux besoins de nos membres, soient faciles \u00e0 comprendre et soient modifi\u00e9s lorsque le besoin se fait sentir.<\/p>\n\n\n\n<p>Enfin, je me suis \u00e9galement impliqu\u00e9 davantage dans l&#8217;Institut am\u00e9ricain des parlementaires (AIP) au cours des derni\u00e8res ann\u00e9es afin de mieux et plus compl\u00e8tement comprendre le Code standard des parlementaires qui est l&#8217;une des autorit\u00e9s parlementaires de l&#8217;Institut. De plus, j&#8217;ai milit\u00e9 pour la cr\u00e9ation d&#8217;un chapitre canadien de l&#8217;AIP.<\/p>\n\n\n\n<p><\/p>\n\n\n\n<p><\/p>\n\n\n\n<p><\/p>\n","protected":false},"excerpt":{"rendered":"<p>J&#8217;ai pr\u00e9sid\u00e9 et dirig\u00e9 de nombreuses r\u00e9unions des membres, incluant l&#8217;Assembl\u00e9e g\u00e9n\u00e9rale annuelle de l&#8217;Institut, au cours desquelles des d\u00e9cisions<\/p>\n<p><a href=\"https:\/\/seanoreilly.ca\/francais\/index.php\/parlementaire\/\" class=\"more-link\">Continue reading<span class=\"screen-reader-text\">Parlementaire<\/span><\/a><\/p>\n","protected":false},"author":1,"featured_media":0,"parent":0,"menu_order":2,"comment_status":"closed","ping_status":"closed","template":"","meta":{"footnotes":""},"class_list":["post-26","page","type-page","status-publish","hentry"],"_links":{"self":[{"href":"https:\/\/seanoreilly.ca\/francais\/index.php\/wp-json\/wp\/v2\/pages\/26","targetHints":{"allow":["GET"]}}],"collection":[{"href":"https:\/\/seanoreilly.ca\/francais\/index.php\/wp-json\/wp\/v2\/pages"}],"about":[{"href":"https:\/\/seanoreilly.ca\/francais\/index.php\/wp-json\/wp\/v2\/types\/page"}],"author":[{"embeddable":true,"href":"https:\/\/seanoreilly.ca\/francais\/index.php\/wp-json\/wp\/v2\/users\/1"}],"replies":[{"embeddable":true,"href":"https:\/\/seanoreilly.ca\/francais\/index.php\/wp-json\/wp\/v2\/comments?post=26"}],"version-history":[{"count":3,"href":"https:\/\/seanoreilly.ca\/francais\/index.php\/wp-json\/wp\/v2\/pages\/26\/revisions"}],"predecessor-version":[{"id":74,"href":"https:\/\/seanoreilly.ca\/francais\/index.php\/wp-json\/wp\/v2\/pages\/26\/revisions\/74"}],"wp:attachment":[{"href":"https:\/\/seanoreilly.ca\/francais\/index.php\/wp-json\/wp\/v2\/media?parent=26"}],"curies":[{"name":"wp","href":"https:\/\/api.w.org\/{rel}","templated":true}]}}